{"id":17358,"date":"2025-04-13T22:56:33","date_gmt":"2025-04-13T20:56:33","guid":{"rendered":"https:\/\/berlinusk.org\/?page_id=17358"},"modified":"2026-04-07T12:46:34","modified_gmt":"2026-04-07T10:46:34","slug":"international","status":"publish","type":"page","link":"https:\/\/berlinusk.org\/en\/international\/","title":{"rendered":"international"},"content":{"rendered":"\n<h2 class=\"wp-block-heading\">#USkWeek2026 im Mai<\/h2>\n\n\n\n<p>Liebe Sketchers,<\/p>\n\n\n\n<p>die erste Maiwoche n\u00e4hert sich und ihr seid wieder aufgerufen, Zeichentreffen zu organisieren und nat\u00fcrlich einfach daran teilzunehmen. Wir planen vom 1. bis 7. Mai jeden Tag ein gemeinsames Zeichnen m\u00f6glich zu machen? Am 1. und 8. Mai wird ein Treffen in Marzahn, unserem Monatsstadtteil im Mai, stattfinden. F\u00fcr den 2. bis 7. Mai suchen wir noch Zeichentreffen. Das kann \u00fcberall in Berlin sein.<\/p>\n\n\n\n<p>Wenn jemand ein Treffen anbieten m\u00f6chte, aber noch nie eins in <a href=\"https:\/\/www.facebook.com\/groups\/urbansketchersberlin\" target=\"_blank\" rel=\"noreferrer noopener\">Facebook<\/a> erstellt hat: Wir helfen euch dabei (oder \u00fcbernehmen das), es ist nicht schwer.<\/p>\n\n\n\n<p>Wir freuen uns auf eine tolle Urban Sketchers Week 2026!<\/p>\n\n\n\n<figure class=\"wp-block-image size-large is-resized\"><img loading=\"lazy\" decoding=\"async\" width=\"973\" height=\"1024\" src=\"https:\/\/berlinusk.org\/wp-content\/uploads\/2026\/04\/usk-mai2026-973x1024.jpg\" alt=\"\" class=\"wp-image-17797\" style=\"width:368px;height:auto\" srcset=\"https:\/\/berlinusk.org\/wp-content\/uploads\/2026\/04\/usk-mai2026-973x1024.jpg 973w, https:\/\/berlinusk.org\/wp-content\/uploads\/2026\/04\/usk-mai2026-285x300.jpg 285w, https:\/\/berlinusk.org\/wp-content\/uploads\/2026\/04\/usk-mai2026-768x809.jpg 768w, https:\/\/berlinusk.org\/wp-content\/uploads\/2026\/04\/usk-mai2026-11x12.jpg 11w, https:\/\/berlinusk.org\/wp-content\/uploads\/2026\/04\/usk-mai2026.jpg 1080w\" sizes=\"auto, (max-width: 973px) 100vw, 973px\" \/><\/figure>\n\n\n\n<hr class=\"wp-block-separator has-alpha-channel-opacity is-style-wide\"\/>\n\n\n\n<h2 class=\"wp-block-heading\">#USkWeek2025<\/h2>\n\n\n\n<p style=\"font-style:normal;font-weight:400\">Urban Sketchers (USk) l\u00e4dt alle weltweit ein, vom <strong>1. bis 7. Mai 2025<\/strong> an der International Urban Sketchers Week teilzunehmen <strong><a href=\"https:\/\/berlinusk.org\/wp-content\/uploads\/2025\/04\/How-to-Get-Involved-Support-International-Urban-Sketchers-Week-2025.pdf\">\u00bb\u00bb Infos im PDF \u00bb\u00bb<\/a><\/strong><br><br>\u25cf <strong>Ein Sketching-Event planen:<\/strong><em><strong> <\/strong><\/em>Organisiere zwischen dem 1. und 7. Mai eine lokale Aktivit\u00e4t und f\u00fcge sie der Website-Karte hinzu.<br>\u25cf Schau dir unsere 100 Ideen f\u00fcr die Teilnahme an der #USkWeek2025 an <\/p>\n\n\n\n<p style=\"font-style:normal;font-weight:400\">Deine Erfahrungen und Kontakte durch Urban Sketchers machen unsere Community so besonders. Erz\u00e4hl deine Geschichte: Teile deine Reise mit USK, deine sch\u00f6nsten Sketching-Erinnerungen und deine Erfahrungen mit anderen Sketchern weltweit. Lade unter <strong>#USkWeek2025<\/strong> deine Geschichte, Fotos oder Videos hoch <strong><a href=\"https:\/\/www.facebook.com\/events\/1166974681844760?acontext=%7B%22event_action_history%22%3A[%7B%22surface%22%3A%22group%22%7D%2C%7B%22mechanism%22%3A%22attachment%22%2C%22surface%22%3A%22newsfeed%22%7D]%2C%22ref_notif_type%22%3Anull%7D\" target=\"_blank\" rel=\"noreferrer noopener\">\u00bb\u00bb auf Facebook<\/a><\/strong> oder auf <a href=\"https:\/\/www.instagram.com\/explore\/search\/keyword\/?q=%23uskweek2025\" target=\"_blank\" rel=\"noreferrer noopener\">\u00bb\u00bb Instagram<\/a>.<\/p>\n\n\n\n<p style=\"font-style:normal;font-weight:400\">Teilt Eure Skizzen unter dem Hashtag #uskweek2025 \u2013 zeige der Welt, was Urban Sketching f\u00fcr Dich bedeutet!<\/p>\n\n\n\n<p style=\"font-style:normal;font-weight:400\">Weitere Infos auf der <a href=\"https:\/\/urbansketchers.org\/international-urban-sketchers-week\/?fbclid=IwY2xjawJpArJleHRuA2FlbQIxMAABHr5yLEwYqcWBBm0RTH_dk2CCTQs4NnbcaeLP1VelR0AupyMXjOAcYRz1uLso_aem_M7BQCboDthoXO9PvyXgQZg\" target=\"_blank\" rel=\"noreferrer noopener\">Website International Urban Sketchers \u00bb\u00bb<\/a><\/p>\n\n\n\n<figure class=\"wp-block-image size-large is-resized\"><img loading=\"lazy\" decoding=\"async\" width=\"936\" height=\"1024\" src=\"https:\/\/berlinusk.org\/wp-content\/uploads\/2025\/04\/logo_USK_international_week_2025_V2_final-936x1024.png\" alt=\"\" class=\"wp-image-17360\" style=\"width:368px;height:auto\" srcset=\"https:\/\/berlinusk.org\/wp-content\/uploads\/2025\/04\/logo_USK_international_week_2025_V2_final-936x1024.png 936w, https:\/\/berlinusk.org\/wp-content\/uploads\/2025\/04\/logo_USK_international_week_2025_V2_final-274x300.png 274w, https:\/\/berlinusk.org\/wp-content\/uploads\/2025\/04\/logo_USK_international_week_2025_V2_final-768x840.png 768w, https:\/\/berlinusk.org\/wp-content\/uploads\/2025\/04\/logo_USK_international_week_2025_V2_final-1404x1536.png 1404w, https:\/\/berlinusk.org\/wp-content\/uploads\/2025\/04\/logo_USK_international_week_2025_V2_final-11x12.png 11w, https:\/\/berlinusk.org\/wp-content\/uploads\/2025\/04\/logo_USK_international_week_2025_V2_final.png 1865w\" sizes=\"auto, (max-width: 936px) 100vw, 936px\" \/><\/figure>\n","protected":false},"excerpt":{"rendered":"<p>#USkWeek2026 im Mai Liebe Sketchers, die erste Maiwoche n\u00e4hert sich und ihr seid wieder aufgerufen, Zeichentreffen zu organisieren und nat\u00fcrlich einfach daran teilzunehmen. Wir planen vom 1. bis 7. Mai jeden Tag ein gemeinsames Zeichnen m\u00f6glich zu machen? Am 1. und 8. Mai wird ein Treffen in Marzahn, unserem Monatsstadtteil im Mai, stattfinden. F\u00fcr den [&hellip;]<\/p>\n","protected":false},"author":18,"featured_media":0,"parent":0,"menu_order":0,"comment_status":"closed","ping_status":"closed","template":"","meta":{"footnotes":""},"class_list":["post-17358","page","type-page","status-publish","hentry"],"mb":[],"mfb_rest_fields":["title"],"post_mailing_queue_ids":[],"_links":{"self":[{"href":"https:\/\/berlinusk.org\/en\/wp-json\/wp\/v2\/pages\/17358","targetHints":{"allow":["GET"]}}],"collection":[{"href":"https:\/\/berlinusk.org\/en\/wp-json\/wp\/v2\/pages"}],"about":[{"href":"https:\/\/berlinusk.org\/en\/wp-json\/wp\/v2\/types\/page"}],"author":[{"embeddable":true,"href":"https:\/\/berlinusk.org\/en\/wp-json\/wp\/v2\/users\/18"}],"replies":[{"embeddable":true,"href":"https:\/\/berlinusk.org\/en\/wp-json\/wp\/v2\/comments?post=17358"}],"version-history":[{"count":3,"href":"https:\/\/berlinusk.org\/en\/wp-json\/wp\/v2\/pages\/17358\/revisions"}],"predecessor-version":[{"id":17798,"href":"https:\/\/berlinusk.org\/en\/wp-json\/wp\/v2\/pages\/17358\/revisions\/17798"}],"wp:attachment":[{"href":"https:\/\/berlinusk.org\/en\/wp-json\/wp\/v2\/media?parent=17358"}],"curies":[{"name":"wp","href":"https:\/\/api.w.org\/{rel}","templated":true}]}}

<h2 class="wp-block-heading">#USkWeek2026 im Mai</h2>



<p>Liebe Sketchers,</p>



<p>die erste Maiwoche nähert sich und ihr seid wieder aufgerufen, Zeichentreffen zu organisieren und natürlich einfach daran teilzunehmen. Wir planen vom 1. bis 7. Mai jeden Tag ein gemeinsames Zeichnen möglich zu machen? Am 1. und 8. Mai wird ein Treffen in Marzahn, unserem Monatsstadtteil im Mai, stattfinden. Für den 2. bis 7. Mai suchen wir noch Zeichentreffen. Das kann überall in Berlin sein.</p>



<p>Wenn jemand ein Treffen anbieten möchte, aber noch nie eins in <a href="https://www.facebook.com/groups/urbansketchersberlin" target="_blank" rel="noreferrer noopener">Facebook</a> erstellt hat: Wir helfen euch dabei (oder übernehmen das), es ist nicht schwer.</p>



<p>Wir freuen uns auf eine tolle Urban Sketchers Week 2026!</p>



<figure class="wp-block-image size-large is-resized"><img loading="lazy" decoding="async" width="973" height="1024" src="https://berlinusk.org/wp-content/uploads/2026/04/usk-mai2026-973x1024.jpg" alt="" class="wp-image-17797" style="width:368px;height:auto" srcset="https://berlinusk.org/wp-content/uploads/2026/04/usk-mai2026-973x1024.jpg 973w, https://berlinusk.org/wp-content/uploads/2026/04/usk-mai2026-285x300.jpg 285w, https://berlinusk.org/wp-content/uploads/2026/04/usk-mai2026-768x809.jpg 768w, https://berlinusk.org/wp-content/uploads/2026/04/usk-mai2026-11x12.jpg 11w, https://berlinusk.org/wp-content/uploads/2026/04/usk-mai2026.jpg 1080w" sizes="auto, (max-width: 973px) 100vw, 973px" /></figure>



<hr class="wp-block-separator has-alpha-channel-opacity is-style-wide"/>



<h2 class="wp-block-heading">#USkWeek2025</h2>



<p style="font-style:normal;font-weight:400">Urban Sketchers (USk) lädt alle weltweit ein, vom <strong>1. bis 7. Mai 2025</strong> an der International Urban Sketchers Week teilzunehmen <strong><a href="https://berlinusk.org/wp-content/uploads/2025/04/How-to-Get-Involved-Support-International-Urban-Sketchers-Week-2025.pdf">»» Infos im PDF »»</a></strong><br><br>● <strong>Ein Sketching-Event planen:</strong><em><strong> </strong></em>Organisiere zwischen dem 1. und 7. Mai eine lokale Aktivität und füge sie der Website-Karte hinzu.<br>● Schau dir unsere 100 Ideen für die Teilnahme an der #USkWeek2025 an </p>



<p style="font-style:normal;font-weight:400">Deine Erfahrungen und Kontakte durch Urban Sketchers machen unsere Community so besonders. Erzähl deine Geschichte: Teile deine Reise mit USK, deine schönsten Sketching-Erinnerungen und deine Erfahrungen mit anderen Sketchern weltweit. Lade unter <strong>#USkWeek2025</strong> deine Geschichte, Fotos oder Videos hoch <strong><a href="https://www.facebook.com/events/1166974681844760?acontext=%7B%22event_action_history%22%3A[%7B%22surface%22%3A%22group%22%7D%2C%7B%22mechanism%22%3A%22attachment%22%2C%22surface%22%3A%22newsfeed%22%7D]%2C%22ref_notif_type%22%3Anull%7D" target="_blank" rel="noreferrer noopener">»» auf Facebook</a></strong> oder auf <a href="https://www.instagram.com/explore/search/keyword/?q=%23uskweek2025" target="_blank" rel="noreferrer noopener">»» Instagram</a>.</p>



<p style="font-style:normal;font-weight:400">Teilt Eure Skizzen unter dem Hashtag #uskweek2025 – zeige der Welt, was Urban Sketching für Dich bedeutet!</p>



<p style="font-style:normal;font-weight:400">Weitere Infos auf der <a href="https://urbansketchers.org/international-urban-sketchers-week/?fbclid=IwY2xjawJpArJleHRuA2FlbQIxMAABHr5yLEwYqcWBBm0RTH_dk2CCTQs4NnbcaeLP1VelR0AupyMXjOAcYRz1uLso_aem_M7BQCboDthoXO9PvyXgQZg" target="_blank" rel="noreferrer noopener">Website International Urban Sketchers »»</a></p>



<figure class="wp-block-image size-large is-resized"><img loading="lazy" decoding="async" width="936" height="1024" src="https://berlinusk.org/wp-content/uploads/2025/04/logo_USK_international_week_2025_V2_final-936x1024.png" alt="" class="wp-image-17360" style="width:368px;height:auto" srcset="https://berlinusk.org/wp-content/uploads/2025/04/logo_USK_international_week_2025_V2_final-936x1024.png 936w, https://berlinusk.org/wp-content/uploads/2025/04/logo_USK_international_week_2025_V2_final-274x300.png 274w, https://berlinusk.org/wp-content/uploads/2025/04/logo_USK_international_week_2025_V2_final-768x840.png 768w, https://berlinusk.org/wp-content/uploads/2025/04/logo_USK_international_week_2025_V2_final-1404x1536.png 1404w, https://berlinusk.org/wp-content/uploads/2025/04/logo_USK_international_week_2025_V2_final-11x12.png 11w, https://berlinusk.org/wp-content/uploads/2025/04/logo_USK_international_week_2025_V2_final.png 1865w" sizes="auto, (max-width: 936px) 100vw, 936px" /></figure>

<p>#USkWeek2026 im Mai Liebe Sketchers, die erste Maiwoche nähert sich und ihr seid wieder aufgerufen, Zeichentreffen zu organisieren und natürlich einfach daran teilzunehmen. Wir planen vom 1. bis 7. Mai jeden Tag ein gemeinsames Zeichnen möglich zu machen? Am 1. und 8. Mai wird ein Treffen in Marzahn, unserem Monatsstadtteil im Mai, stattfinden. Für den [&hellip;]</p>
